Calculate the highest common factor of 15343 and 5734195.
67
What is the highest common divisor of 1832596 and 1147?
31
Calculate the greatest common factor of 2139 and 193748619.
69
What is the greatest common divisor of 1151148077 and 446?
223
Calculate the highest common factor of 192 and 1737192.
24
Calculate the highest common factor of 600 and 2509380.
60
What is the highest common divisor of 163172 and 621500?
452
Calculate the greatest common divisor of 44880 and 25980.
60
What is the highest common factor of 14168029 and 1611?
179
Calculate the greatest common divisor of 177851174 and 4432.
554
What is the greatest common factor of 350340 and 5532?
12
Calculate the highest common divisor of 43780 and 92675693.
2189
What is the highest common factor of 8163072 and 31968?
864
Calculate the greatest common divisor of 81 and 71964531.
81
Calculate the greatest common divisor of 231287 and 1215221.
133
Calculate the greatest common factor of 945 and 19971.
63
What is the highest common factor of 4 and 4975988?
4
Calculate the highest common factor of 2202 and 5473438.
734
What is the highest common factor of 815 and 33221845?
815
Calculate the greatest common factor of 20250 and 83268.
162
Calculate the highest common factor of 4748336 and 128.
16
Calculate the highest common factor of 397648 and 18676.
116
What is the greatest common factor of 1189 and 29939020?
1189
What is the greatest common divisor of 9216 and 280116?
36
What is the highest common divisor of 35323713 and 6903?
531
What is the greatest common factor of 204 and 92149588?
68
Calculate the greatest common divisor of 131320 and 8415200.
2680
Calculate the greatest common divisor of 4452160 and 60.
20
Calculate the greatest common factor of 133529436 and 3903.
3903
What is the greatest common factor of 949 and 303056?
13
Calculate the greatest common divisor of 85850800 and 525.
175
Calculate the highest common factor of 140577850 and 5.
5
What is the highest common divisor of 786345 and 95970?
105
Calculate the highest common divisor of 1111 and 748612.
101
Calculate the greatest common divisor of 178643923 and 905.
181
Calculate the greatest common factor of 42 and 75251582.
14
Calculate the highest common factor of 515 and 45610.
5
What is the highest common divisor of 155625 and 2094375?
1875
Calculate the greatest common factor of 19241694 and 18.
18
What is the greatest common divisor of 772 and 51132069?
193
What is the highest common divisor of 707742 and 1134?
126
Calculate the highest common factor of 445 and 102410075.
445
Calculate the greatest common factor of 85957 and 33305339.
1999
What is the highest common factor of 284030 and 45430?
10
What is the greatest common factor of 12922 and 11456276?
1846
Calculate the greatest common factor of 141274512 and 9.
9
What is the greatest common divisor of 216348 and 128381?
121
Calculate the highest common factor of 54 and 63552726.
18
What is the highest common factor of 25938895 and 475?
95
What is the greatest common divisor of 85 and 6142559?
17
Calculate the greatest common factor of 840673 and 12397.
23
Calculate the highest common divisor of 2779511 and 14.
7
Calculate the highest common divisor of 888 and 67975512.
888
What is the greatest common factor of 423 and 257643?
9
What is the highest common divisor of 99115280 and 33200?
6640
What is the highest common factor of 72674 and 645540?
406
Calculate the highest common divisor of 1896183 and 459.
27
Calculate the highest common factor of 130954 and 215660.
82
What is the greatest common factor of 33695472 and 97?
97
Calculate the highest common factor of 11248278 and 3789.
1263
What is the highest common factor of 129608267 and 2957?
2957
Calculate the greatest common factor of 378591335 and 615.
205
Calculate the highest common factor of 316728 and 4676137.
4399
Calculate the greatest common divisor of 17835 and 29331318.
123
Calculate the greatest common factor of 195 and 16425201.
39
What is the greatest common divisor of 20488 and 83999224?
1576
Calculate the greatest common divisor of 99 and 1309286.
11
What is the highest common divisor of 296976 and 6129408?
1104
What is the greatest common factor of 19476 and 20900994?
3246
Calculate the highest common divisor of 51098355 and 10395.
3465
Calculate the highest common factor of 16 and 20315888.
16
Calculate the greatest common divisor of 357104 and 902.
22
Calculate the greatest common divisor of 136013775 and 15.
15
What is the greatest common divisor of 4864795 and 1495?
65
Calculate the greatest common factor of 1351344 and 6016.
752
Calculate the greatest common divisor of 37790478 and 15246.
2178
Calculate the greatest common factor of 318310 and 103737.
229
What is the highest common divisor of 1417990 and 22843?
431
What is the greatest common divisor of 361470 and 3805?
5
Calculate the highest common divisor of 1932 and 1805600832.
1932
What is the greatest common factor of 180505790 and 1070?
1070
Calculate the highest common divisor of 17248 and 307703.
11
Calculate the greatest common factor of 3717720 and 620.
20
Calculate the highest common divisor of 141112150 and 50.
50
What is the highest common divisor of 110420277 and 165?
33
Calculate the greatest common divisor of 498465 and 48407535.
9405
Calculate the highest common divisor of 64 and 5952272.
16
What is the greatest common divisor of 44 and 83898892?
44
What is the greatest common factor of 324 and 314964?
36
What is the greatest common factor of 46702 and 438976?
38
Calculate the greatest common factor of 2989 and 194433596.
427
What is the highest common factor of 447279129 and 1581?
1581
Calculate the greatest common divisor of 10345450 and 250.
50
Calculate the highest common factor of 10508 and 1108949.
71
Calculate the greatest common divisor of 310 and 3921996.
62
Calculate the highest common divisor of 130923 and 56511.
351
What is the greatest common factor of 198533 and 114?
1
Calculate the highest common factor of 155 and 149748817.
31
Calculate the highest common divisor of 187 and 18742483.
17
What is the highest common divisor of 46 and 15484681?
23
What is the highest common factor of 1038 and 444254658?
1038
Calculate the highest common factor of 685 and 107909420.
685
What is the highest common factor of 2121 and 3386187?
21
Calculate the highest common divisor of 160656 and 63593.
3347
Calculate the highest common factor of 3073 and 59714097.
439
Calculate the highest common factor of 6567781 and 75988.
1727
What is the greatest common divisor of 1374986 and 101882?
842
Calculate the greatest common divisor of 2398 and 53306.
22
What is the highest common divisor of 134201 and 13199?
67
Calculate the highest common factor of 12691 and 1511209.
49
Calculate the greatest common factor of 8669625 and 1125.
375
What is the highest common divisor of 58156 and 3765818?
434
What is the highest common divisor of 11 and 151499447?
11
What is the highest common factor of 459 and 150229?
17
Calculate the greatest common factor of 228 and 4880454.
114
What is the greatest common divisor of 272090 and 1499030?
1690
What is the greatest common divisor of 8858 and 404893?
103
Calculate the highest common divisor of 14600112 and 112.
16
What is the greatest common divisor of 1146046 and 3227?
461
Calculate the greatest common factor of 364382 and 1114331.
4237
Calculate the highest common factor of 1332 and 53710828.
148
What is the highest common divisor of 50912 and 287971?
1591
What is the greatest common divisor of 87109487 and 23?
23
Calculate the highest common factor of 500248 and 48.
8
Calculate the highest common factor of 316106469 and 314.
157
Calculate the highest common divisor of 2300802 and 46284.
1218
Calculate the highest common factor of 13904 and 190716112.
1264
What is the greatest common factor of 171472 and 16128?
112
What is the greatest common divisor of 1278928 and 665?
133
What is the highest common divisor of 160881846 and 666?
222
What is the greatest common divisor of 1172 and 2505443?
293
Calculate the greatest common factor of 2575336950 and 100.
50
What is the greatest common factor of 396 and 267348?
12
Calculate the highest common factor of 1744 and 5292168.
872
Calculate the greatest com